{"id":866,"date":"2022-11-13T14:05:37","date_gmt":"2022-11-13T14:05:37","guid":{"rendered":"https:\/\/rnsdiyaliz.com.tr\/web\/?page_id=866"},"modified":"2024-11-14T06:38:28","modified_gmt":"2024-11-14T06:38:28","slug":"iletisim","status":"publish","type":"page","link":"https:\/\/rnsdiyaliz.com.tr\/web\/iletisim\/","title":{"rendered":"\u0130LET\u0130\u015e\u0130M"},"content":{"rendered":"<div id=\"pl-866\"  class=\"panel-layout\" ><div id=\"pg-866-0\"  class=\"panel-grid panel-no-style\" ><div id=\"pgc-866-0-0\"  class=\"panel-grid-cell panel-grid-cell-empty panel-grid-cell-mobile-last\" ><\/div><div id=\"pgc-866-0-1\"  class=\"panel-grid-cell panel-grid-cell-empty\" ><\/div><\/div><div id=\"pg-866-1\"  class=\"panel-grid panel-no-style\" ><div id=\"pgc-866-1-0\"  class=\"panel-grid-cell\" ><div id=\"panel-866-1-0-0\" class=\"so-panel widget widget_sow-headline panel-first-child\" data-index=\"0\" ><div\n\t\t\t\n\t\t\tclass=\"so-widget-sow-headline so-widget-sow-headline-default-d6db24c2db75-866\"\n\t\t\t\n\t\t><div class=\"sow-headline-container \">\n\t<h2 class='sow-headline'>\u015eUBELER\u0130M\u0130Z<\/h2>\t\t\t\t\t<div class=\"decoration\">\n\t\t\t\t\t\t<div class=\"decoration-inside\"><\/div>\n\t\t\t\t\t<\/div>\n\t\t\t\t\t<\/div><\/div><\/div><div id=\"panel-866-1-0-1\" class=\"so-panel widget widget_sow-accordion panel-last-child\" data-index=\"1\" ><div\n\t\t\t\n\t\t\tclass=\"so-widget-sow-accordion so-widget-sow-accordion-default-2b55ed2807e6-866\"\n\t\t\t\n\t\t><div>\n\t<div class=\"sow-accordion\">\n\t\t\t<div class=\"sow-accordion-panel sow-accordion-panel-open\"\n\t\t\t data-anchor=\"%c3%b6zel-r-n-s-trabzon-di%cc%87yali%cc%87z-merkezi%cc%87\">\n\t\t\t\t<div class=\"sow-accordion-panel-header-container\" role=\"heading\" aria-level=\"2\">\n\t\t\t\t\t<div class=\"sow-accordion-panel-header\" tabindex=\"0\" role=\"button\" id=\"accordion-label-%c3%b6zel-r-n-s-trabzon-di%cc%87yali%cc%87z-merkezi%cc%87\" aria-controls=\"accordion-content-%c3%b6zel-r-n-s-trabzon-di%cc%87yali%cc%87z-merkezi%cc%87\" aria-expanded=\"true\">\n\t\t\t\t\t\t<div class=\"sow-accordion-title sow-accordion-title-icon-left\">\n\t\t\t\t\t\t\t\t\t\t\t\t\t\t\u00d6ZEL R.N.S. TRABZON D\u0130YAL\u0130Z MERKEZ\u0130\t\t\t\t\t\t\t\t\t\t\t\t\t<\/div>\n\t\t\t\t\t\t<div class=\"sow-accordion-open-close-button\">\n\t\t\t\t\t\t\t<div class=\"sow-accordion-open-button\">\n\t\t\t\t\t\t\t\t<span class=\"sow-icon-ionicons\" data-sow-icon=\"&#xf218;\"\n\t\t \n\t\taria-hidden=\"true\"><\/span>\t\t\t\t\t\t\t<\/div>\n\t\t\t\t\t\t\t<div class=\"sow-accordion-close-button\">\n\t\t\t\t\t\t\t\t<span class=\"sow-icon-ionicons\" data-sow-icon=\"&#xf209;\"\n\t\t \n\t\taria-hidden=\"true\"><\/span>\t\t\t\t\t\t\t<\/div>\n\t\t\t\t\t\t<\/div>\n\t\t\t\t\t<\/div>\n\t\t\t\t<\/div>\n\n\t\t\t<div\n\t\t\t\tclass=\"sow-accordion-panel-content\"\n\t\t\t\trole=\"region\"\n\t\t\t\taria-labelledby=\"accordion-label-%c3%b6zel-r-n-s-trabzon-di%cc%87yali%cc%87z-merkezi%cc%87\"\n\t\t\t\tid=\"accordion-content-%c3%b6zel-r-n-s-trabzon-di%cc%87yali%cc%87z-merkezi%cc%87\"\n\t\t\t\t\t\t\t>\n\t\t\t\t<div class=\"sow-accordion-panel-border\" tabindex=\"0\">\n\t\t\t\t\t<p>Merkez:\u00a0\u00d6zel R.N.S. Trabzon Diyaliz Merkezi<br \/>\nAdres: 1 Nolu Be\u015firli Mahallesi Kuruta\u015f Sokak No:13B Ortahisar\/TRABZON<br \/>\nTel:\u00a0\u00a00090 (462) 229 98 70<br \/>\nFax:\u00a00090 (462) 229 93 62<\/p>\n<p>GSM: 0506 153 02 24<br \/>\nMail: rnsdiyaliz@gmail.com<\/p>\n<p>&nbsp;<\/p>\n<p>&nbsp;<\/p>\n<p>&nbsp;<\/p>\n\t\t\t\t<\/div>\n\t\t\t<\/div>\n\t\t<\/div>\n\t\t\t<div class=\"sow-accordion-panel sow-accordion-panel-open\"\n\t\t\t data-anchor=\"%c3%b6zel-yavuz-seli%cc%87m-di%cc%87yali%cc%87z-merkezi%cc%87\">\n\t\t\t\t<div class=\"sow-accordion-panel-header-container\" role=\"heading\" aria-level=\"2\">\n\t\t\t\t\t<div class=\"sow-accordion-panel-header\" tabindex=\"0\" role=\"button\" id=\"accordion-label-%c3%b6zel-yavuz-seli%cc%87m-di%cc%87yali%cc%87z-merkezi%cc%87\" aria-controls=\"accordion-content-%c3%b6zel-yavuz-seli%cc%87m-di%cc%87yali%cc%87z-merkezi%cc%87\" aria-expanded=\"true\">\n\t\t\t\t\t\t<div class=\"sow-accordion-title sow-accordion-title-icon-left\">\n\t\t\t\t\t\t\t\t\t\t\t\t\t\t\u00d6ZEL YAVUZ SEL\u0130M D\u0130YAL\u0130Z MERKEZ\u0130\t\t\t\t\t\t\t\t\t\t\t\t\t<\/div>\n\t\t\t\t\t\t<div class=\"sow-accordion-open-close-button\">\n\t\t\t\t\t\t\t<div class=\"sow-accordion-open-button\">\n\t\t\t\t\t\t\t\t<span class=\"sow-icon-ionicons\" data-sow-icon=\"&#xf218;\"\n\t\t \n\t\taria-hidden=\"true\"><\/span>\t\t\t\t\t\t\t<\/div>\n\t\t\t\t\t\t\t<div class=\"sow-accordion-close-button\">\n\t\t\t\t\t\t\t\t<span class=\"sow-icon-ionicons\" data-sow-icon=\"&#xf209;\"\n\t\t \n\t\taria-hidden=\"true\"><\/span>\t\t\t\t\t\t\t<\/div>\n\t\t\t\t\t\t<\/div>\n\t\t\t\t\t<\/div>\n\t\t\t\t<\/div>\n\n\t\t\t<div\n\t\t\t\tclass=\"sow-accordion-panel-content\"\n\t\t\t\trole=\"region\"\n\t\t\t\taria-labelledby=\"accordion-label-%c3%b6zel-yavuz-seli%cc%87m-di%cc%87yali%cc%87z-merkezi%cc%87\"\n\t\t\t\tid=\"accordion-content-%c3%b6zel-yavuz-seli%cc%87m-di%cc%87yali%cc%87z-merkezi%cc%87\"\n\t\t\t\t\t\t\t>\n\t\t\t\t<div class=\"sow-accordion-panel-border\" tabindex=\"0\">\n\t\t\t\t\t<p>\u00d6ZEL YAVUZ SEL\u0130M D\u0130YAL\u0130Z MERKEZ\u0130<br \/>\n\u015eube:\u00a0\u00d6zel Yavuz Selim Diyaliz Merkezi<br \/>\nAdres: 1 Nolu Be\u015firli Mahallesi Kuruta\u015f Sokak No:13A Ortahisar\/TRABZON<br \/>\nTel:\u00a0\u00a00090 (462) 223 03 05<br \/>\nFax:\u00a00090 (462) 230 63 60<\/p>\n<p>GSM: 0506 153 02 23<br \/>\nMail: rnsdiyaliz@gmail.com<\/p>\n<p>&nbsp;<\/p>\n<p>&nbsp;<\/p>\n<p>&nbsp;<\/p>\n<p>&nbsp;<\/p>\n<p>&nbsp;<\/p>\n\t\t\t\t<\/div>\n\t\t\t<\/div>\n\t\t<\/div>\n\t\t<\/div>\n<\/div>\n<\/div><\/div><\/div><\/div><\/div>","protected":false},"excerpt":{"rendered":"<p>\u015eUBELER\u0130M\u0130Z \u00d6ZEL R.N.S. TRABZON D\u0130YAL\u0130Z MERKEZ\u0130 Merkez:\u00a0\u00d6zel R.N.S. Trabzon Diyaliz Merkezi Adres: 1 Nolu Be\u015firli Mahallesi Kuruta\u015f Sokak No:13B Ortahisar\/TRABZON Tel:\u00a0\u00a00090 (462) 229 98 70&hellip;<\/p>\n","protected":false},"author":1,"featured_media":0,"parent":0,"menu_order":0,"comment_status":"closed","ping_status":"closed","template":"","meta":{"footnotes":""},"class_list":["post-866","page","type-page","status-publish","hentry"],"_links":{"self":[{"href":"https:\/\/rnsdiyaliz.com.tr\/web\/wp-json\/wp\/v2\/pages\/866","targetHints":{"allow":["GET"]}}],"collection":[{"href":"https:\/\/rnsdiyaliz.com.tr\/web\/wp-json\/wp\/v2\/pages"}],"about":[{"href":"https:\/\/rnsdiyaliz.com.tr\/web\/wp-json\/wp\/v2\/types\/page"}],"author":[{"embeddable":true,"href":"https:\/\/rnsdiyaliz.com.tr\/web\/wp-json\/wp\/v2\/users\/1"}],"replies":[{"embeddable":true,"href":"https:\/\/rnsdiyaliz.com.tr\/web\/wp-json\/wp\/v2\/comments?post=866"}],"version-history":[{"count":28,"href":"https:\/\/rnsdiyaliz.com.tr\/web\/wp-json\/wp\/v2\/pages\/866\/revisions"}],"predecessor-version":[{"id":873,"href":"https:\/\/rnsdiyaliz.com.tr\/web\/wp-json\/wp\/v2\/pages\/866\/revisions\/873"}],"wp:attachment":[{"href":"https:\/\/rnsdiyaliz.com.tr\/web\/wp-json\/wp\/v2\/media?parent=866"}],"curies":[{"name":"wp","href":"https:\/\/api.w.org\/{rel}","templated":true}]}}